 - -77. What is the remainder when a is divided by g?
13
Let i(t) = -t**2 + 10*t + 9. Let z be i(11). Let q = 34 - z. Calculate the remainder when q is divided by 19.
17
Suppose -43 - 85 = -8*k. Calculate the remainder when 27 is divided by k.
11
Let y(m) = -m**2 - 10*m + 2. Let w be y(-11). Suppose -58 = n - 3*n. What is the remainder when n is divided by (-52)/w - 2/(-9)?
5
Let a(h) = -14*h - 5. Let k be a(4). Let t = k - -96. What is the remainder when t is divided by 20?
15
Suppose 67*h - 234 = 65*h. What is the remainder when 448 is divided by h?
97
Let p be 30/(-2) + 4 - -4. What is the remainder when 22 is divided by (6/2)/(36/(-6) - p)?
1
Let r(y) = y + 3. Let x be r(12). Suppose x = 5*g - 30. Calculate the remainder when 17 is divided by g.
8
Suppose 2*h - 142 = -16*s + 11*s, -h - 4*s + 71 = 0. What is the remainder when 139 is divided by h?
68
Suppose 2*c - 12 - 40 = 0. Suppose 8*u = 3*u. Suppose -2*s + s + c = u. Calculate the remainder when s is divided by 10.
6
Suppose 5*d = 26 - 126. Let y = d + 24. Let w = y - -23. Calculate the remainder when 106 is divided by w.
25
Let p(n) = 2*n**3 - 2*n**2 - n + 2. Let r be p(2). Calculate the remainder when 45 is divided by (r/(-2))/(16/(-64)).
13
Let r(g) = 6*g + 4 - 2*g**2 + 0*g**3 + g**3 - 5*g**2. Let o be r(6). Suppose 5*l - o*l = 22. Calculate the remainder when 63 is divided by l.
19
Let b be -5 + 1 - 1*-13. Suppose -t + 11 = -b. What is the remainder when 77 is divided by t?
17
Let o be -7 + 3 + 1218/3 + 2. Suppose 2*v - 184 = -5*q + 492, -2*v + o = 3*q. What is the remainder when q is divided by 46?
44
Suppose -n + 2*l + 88 = 0, 247*l - 246*l = n - 90. Calculate the remainder when n is divided by 2.
0
Let l = 6 + -6. Suppose -2*u + 3*n = l, -5*n = -3*u - 0*n. Suppose s + s - 16 = u. What is the remainder when 13 is divided by s?
5
Let s be (-1 - -19)/(((-36)/16)/3). Calculate the remainder when 44 is divided by (-1)/((-23)/s + -1).
20
Let k(z) = -9*z**2 + 4. Let i(p) = 8*p**2 + p - 3. Let y = 11 + -8. Let m(o) = y*k(o) + 4*i(o). Calculate the remainder when m(3) is divided by 15.
12
Let q = 104 - 62. Let t = 15 + -13. Suppose 11 = -2*i + t*x + 43, -2*i + x + 31 = 0. Calculate the remainder when q is divided by i.
12
Let u = -20 - -10. Suppose 3*b - 51 = -0*b. Let w = b + u. What is the remainder when 12 is divided by w?
5
Suppose -67*s = -60*s - 476. Suppose i = 1 - 5. Let a = i - -22. Calculate the remainder when s is divided by a.
14
Suppose -8 = 2*d - 4*h - 4, -2*h - 6 = -3*d. Suppose -48*v + 2 = -47*v - p, 5*p = -10. Let a = v + d. Calculate the remainder when 6 is divided by a.
2
Let f be 3/(-2) - (-105)/30. Suppose 0 = 5*d - 4*l - 688 + 42, 0 = -f*d + 5*l + 255. Calculate the remainder when d is divided by 33.
31
Let n = -32 + 89. Let l(g) = 17*g - 8. Let j be l(4). Suppose 2*k = -2*k + j. Calculate the remainder when n is divided by k.
12
Suppose -4*q = -4*c + 356, -10 + 2 = -4*q. Calculate the remainder when c is divided by 47.
44
Let w(o) = 9*o - 106. What is the remainder when 54 is divided by w(13)?
10
Suppose -86 = -5*z + 69. Suppose 126 = 5*t + 2*f, 0 = t - 5*f - z - 5. What is the remainder when 77 is divided by t?
25
Let v be 4/26 - 11110/(-286). Suppose 4*p - 138 = -3*m + 50, -2*m = 5*p - 228. Suppose p*n = v*n + 300. Calculate the remainder when n is divided by 21.
18
Let n(s) be the third derivative of -s**5/60 + 5*s**4/6 - 11*s**3/2 + 23*s**2. Calculate the remainder when n(15) is divided by 23.
19
Suppose 5*g + s = 3, 2*g = 4*s + 5 + 5. What is the remainder when 37 is divided by g?
0
Suppose b - 3 - 89 = -4*q, -2*b = q - 23. Let d = 10 - 14. Let s(p) = 5*p**2 - 4*p - 5. What is the remainder when s(d) is divided by q?
22
Suppose -3*f + 4*c + 576 + 1234 = 0, -f + 4*c + 614 = 0. Calculate the remainder when f is divided by 43.
39
Suppose 0 = 7*f - 101 - 102. Calculate the remainder when 170 is divided by f.
25
Let f = -699 + 768. What is the remainder when f is divided by 28?
13
Let s be 0*3*(39/(-9) - -4). Suppose s = 2*w - 10, -4*q = q - w - 315. Suppose -18 = -d + 4. Calculate the remainder when q is divided by d.
20
Suppose 2*u + 4*s - 12 = 0, -1 = -u + 2*s + 1. Suppose -33 = 4*m - 2*p - 3*p, u*m - 4*p = -28. Let n = 15 - m. What is the remainder when 48 is divided by n?
14
Let y = 266 + -189. Suppose 19 = 21*q - 317. What is the remainder when y is divided by q?
13
Let b = -144 + 162. Let u(c) = -c**2 + 18*c + 11. Calculate the remainder when u(b) is divided by 3.
2
Suppose -3*d + 4*c = -602, 30 + 184 = d + 2*c. Calculate the remainder when d is divided by 23.
22
Suppose -178 = -3*m + 4*j, -2*m + 3*j + 116 = -j. Let k = -26 - -76. Suppose 5*r - 41 = -z, -k = -2*z - 0*r - 2*r. What is the remainder when m is divided by z?
20
Let n = -1300 - -1324. What is the remainder when n is divided by 7?
3
Let u = -2368 + 2614. Calculate the remainder when u is divided by 18.
12
Suppose d - 161 = y, -y = d + 69 - 222. What is the remainder when d is divided by 81?
76
Suppose -14*w + 6 = -50. Let m(o) = 4*o - 9. Let v be m(6). Suppose v = w*b - 53. Calculate the remainder when 65 is divided by b.
14
Let k(f) = 5*f + 4. Let q = 50 + -46. Calculate the remainder when k(q) is divided by 7.
3
Let w(b) = -32*b + 339. What is the remainder when 113 is divided by w(10)?
18
Let t be (2/2)/((-18)/(-1278)). Suppose 0*o - 5*f = 2*o - t, 5*o - 3*f = 131. What is the remainder when 55 is divided by o?
27
Suppose 0 = g - 5, 4*n = 3*g + 159 + 6. What is the remainder when 88 is divided by n?
43
Let o(z) = -z**3 + 10*z**2 + 2*z. Let y be o(8). Suppose 0*t = 5*t + 20, 4*b - 2*t - y = 0. What is the remainder when b is divided by 18?
16
Suppose -5*m + 3*s + 34 = 2, -5*s = 3*m - 26. Calculate the remainder when 24 is divided by m.
3
Let k(w) = -w**3 - 20*w**2 - 61*w - 31. Calculate the remainder when k(-17) is divided by 50.
39
What is the remainder when ((-996)/(-10))/((-4220)/(-350) + -12) is divided by 18?
15
Suppose 115*a = 118*a - 213. What is the remainder when a is divided by 25?
21
Suppose -3*s + 5 = -4*y, 0*s + 3*s = 3*y + 3. Calculate the remainder when 14 is divided by -3 - (-5 - s) - -4.
4
Suppose 99 = -3*r - 3*f, -2*f + 5*f + 6 = 0. Calculate the remainder when 15/(-20) - r/4 is divided by 5.
2
Suppose -p = 3*l + 2*p - 63, 4*l - 84 = -5*p. Let c(q) = -q + 110. Calculate the remainder when c(33) is divided by l.
14
Suppose -17 = 4*y - 473. Suppose -7*u + 95 = -2*u - 4*v, -4*v = 4*u - 112. Calculate the remainder when y is divided by u.
22
Let a(y) = 4*y - 3 + 0*y**3 + y**3 + y - 2*y**2. Let m = 15 + -2. Calculate the remainder when a(4) is divided by m.
10
Suppose 5*b + 183 = k, 7*k - 710 = 3*k - 2*b. Suppose -5*s + 17 = -k. Calculate the remainder when s is divided by 14.
11
Let h(d) be the third derivative of 17*d**6/120 + d**4/12 + d**3/2 + 3*d**2. Let p be h(-5). What is the remainder when 65 is divided by (-1)/(-5) + p/(-65)?
32
Let g(x) be the third derivative of -x**6/120 - x**5/10 - 7*x**4/24 + 11*x**3/6 + 8*x**2. Calculate the remainder when 102 is divided by g(-5).
18
Suppose -5*t - 24 = -11*t. What is the remainder when 27 is divided by t/((-2)/28*-4)?
13
Let a(t) = -6*t - 5. Let h = 5 - 0. Suppose -l + 16 = -h*l. Calculate the remainder when a(l) is divided by 7.
5
Let h = 22 + -17. Suppose 5*p - 263 = -f, -2*p - 4*f + 108 = -h*f. What is the remainder when p is divided by 14?
11
Suppose z = 5*b - 12, b - 3 + 0 = 0. Suppose 3*d + 7 = 46. What is the remainder when d is divided by z?
1
Suppose 2*j - 100 = -6*r + 8*r, -j + 55 = -2*r. Calculate the remainder when 67 is divided by j.
22
Let j(o) = -9*o + 1. Suppose -3 = 4*s + 5. Let n(g) = -2*g**3 - 5*g**2 - 3*g - 4. What is the remainder when n(-4) is divided by j(s)?
18
Let j(s) = -s**3 + 14*s**2 + 36*s - 292. Let i = 14 - 2. What is the remainder when j(15) is divided by i?
11
Let q(j) = j**3 - 16*j**2 - 18*j + 56. Calculate the remainder when 191 is divided by q(17).
35
Suppose -l - 2*u - 57 = 0, u - 3*u + 144 = -2*l. Let w = -10 - l. What is the remainder when w is divided by 15?
12
Suppose -14 = -2*a - 2. Suppose y + 10 = a*y. Suppose -y*i + 47 = 15. What is the remainder when 61 is divided by i?
13
Suppose 0 = 50*b - 74*b + 1752. Suppose 19 = 2*a - a. Calculate the remainder when b is divided by a.
16
Let j(v)